rime number?
True
Is 5073154 a prime number?
False
Is 34182661 a composite number?
True
Is 66960031 a composite number?
True
Is 123364481 a prime number?
False
Is 1528213 a prime number?
False
Is 4399061 composite?
False
Is 6915539 prime?
False
Is 31291541 a composite number?
True
Is 1549929 composite?
True
Is 176979079 prime?
True
Is 17479879 a prime number?
True
Is 2849003 a prime number?
False
Is 3469807 a composite number?
True
Is 524354029 a composite number?
False
Is 328967245 a prime number?
False
Is 704929 a composite number?
False
Is 901239 composite?
True
Is 163539115 a composite number?
True
Is 6342361 a composite number?
False
Is 14932553 a composite number?
True
Is 75172709 a prime number?
False
Is 9277237 a composite number?
True
Is 317983 a prime number?
True
Is 147628861 prime?
True
Is 137867903 a composite number?
False
Is 775139 a composite number?
True
Is 3693631 prime?
False
Is 114614627 prime?
True
Is 13948379 a composite number?
False
Is 428059 composite?
True
Is 1152452663 prime?
False
Is 37695731 a composite number?
True
Is 16312573 a prime number?
True
Is 20600543 a composite number?
True
Is 385511 a prime number?
False
Is 1478369 prime?
True
Is 72271021 prime?
True
Is 683857 composite?
False
Is 16086203 a prime number?
False
Is 6697799 prime?
True
Is 5985667 composite?
True
Is 11623417 a composite number?
True
Is 2428577 prime?
True
Is 11873269 prime?
True
Is 1643831 a composite number?
True
Is 501162386 composite?
True
Is 1738783 prime?
True
Is 248900935 prime?
False
Is 107981 composite?
False
Is 26703499 a composite number?
False
Is 15983881 prime?
True
Is 6939623 composite?
False
Is 6459161 a prime number?
False
Is 1041989183 composite?
False
Is 36231239 composite?
True
Is 30149459 composite?
True
Is 14802883 a composite number?
True
Is 59970943 a prime number?
False
Is 31353701 a composite number?
False
Is 20704429 prime?
False
Is 93643 prime?
False
Is 9349087 a prime number?
False
Is 5008973 composite?
False
Is 868705997 a prime number?
False
Is 6790349 a composite number?
False
Is 16225213 a prime number?
True
Is 24755071 a composite number?
True
Is 152017087 a composite number?
True
Is 67922573 a prime number?
False
Is 35068751 prime?
True
Is 4541331 prime?
False
Is 6270109 a prime number?
False
Is 2276854 a composite number?
True
Is 52938559 a composite number?
True
Is 18130711 a composite number?
True
Is 30708521 a prime number?
True
Is 124714102 a prime number?
False
Is 3376343 composite?
False
Is 5400617 a composite number?
True
Is 3629138 a composite number?
True
Is 15252161 a composite number?
False
Is 303644023 a prime number?
True
Is 106020337 a composite number?
False
Is 248491213 prime?
False
Is 323588663 prime?
False
Is 44438027 a composite number?
False
Is 27892679 composite?
False
Is 227559986 a prime number?
False
Is 7777337 composite?
False
Is 58224671 a composite number?
False
Is 30984167 a prime number?
True
Is 151427141 prime?
True
Is 2401871 composite?
False
Is 11720419 composite?
True
Is 12458921 a prime number?
False
Is 46125757 a prime number?
True
Is 27091703 a composite number?
False
Is 190722739 a prime number?
False
Is 78682327 a prime number?
False
Is 889121 composite?
True
Is 846161 composite?
False
Is 9591401 a prime number?
True
Is 3470417 composite?
False
Is 64213 composite?
True
Is 601026485 a composite number?
True
Is 3850043 composite?
False
Is 55473449 a composite number?
True
Is 78729211 prime?
False
Is 5005057 composite?
False
Is 78221698 prime?
False
Is 3857911 a prime number?
True
Is 394293 a prime number?
False
Is 74090195 composite?
True
Is 2250758 a prime number?
False
Is 38480131 a prime number?
False
Is 115877323 a prime number?
False
Is 104596901 a prime number?
False
Is 13022437 a composite number?
True
Is 20910257 prime?
True
Is 954539 composite?
False
Is 15230659 a prime number?
False
Is 35000353 composite?
True
Is 1901010817 a composite number?
False
Is 26215447 composite?
False
Is 233537597 a prime number?
True
Is 2111029207 prime?
False
Is 82334837 prime?
False
Is 42724237 a composite number?
False
Is 52551489 prime?
False
Is 1862477 a composite number?
False
Is 68562017 composite?
True
Is 5985431 a composite number?
False
Is 3124981 composite?
True
Is 21174847 composite?
False
Is 37224163 composite?
False
Is 12201191 prime?
True
Is 3209317 a prime number?
True
Is 1021313 a prime number?
False
Is 5227511 a prime number?
False
Is 24480139 a composite number?
True
Is 124277 a prime number?
True
Is 68604131 composite?
True
Is 19128909 a composite number?
True
Is 71535281 composite?
False
Is 222194969 a composite number?
False
Is 9366961 composite?
False
Is 3127271 prime?
False
Is 1485313 a prime number?
False
Is 105587297 a prime number?
True
Is 2036441 prime?
False
Is 150485471 a composite number?
False
Is 21289603 a prime number?
True
Is 4296781 prime?
True
Is 5404741 a composite number?
False
Is 20016167 composite?
False
Is 25450009 a prime number?
False
Is 48257623 a composite number?
False
Is 31263007 composite?
False
Is 20299646 prime?
False
Is 11212711 a prime number?
True
Is 3552137 a prime number?
True
Is 37717 a prime number?
True
Is 3873785 a composite number?
True
Is 90937319 composite?
True
Is 1596341 composite?
False
Is 11946446 prime?
False
Is 1823 composite?
False
Is 3680233 composite?
True
Is 15401013 a prime number?
False
Is 15525467 a prime number?
False
Is 14544011 a composite number?
False
Is 13663687 a prime number?
False
Is 857999 a prime number?
False
Is 17822587 a composite number?
False
Is 16852937 a composite number?
True
Is 95754719 a composite number?
True
Is 164790543 composite?
True
Is 243761407 prime?
True
Is 23440987 prime?
True
Is 186075647 composite?
True
Is 111085427 composite?
False
Is 2574669 a prime number?
False
Is 2460277 a composite number?
False
Is 467707 composite?
True
Is 46429963 prime?
True
Is 23741107 composite?
True
Is 6949567 a composite number?
True
Is 22912427 prime?
False
Is 163626413 a composite number?
False
Is 1838087 prime?
True
Is 8186105 composite?
True
Is 5001761 composite?
False
Is 150879349 a prime number?
True
Is 217881283 prime?
False
Is 4305463 a composite number?
True
Is 2584193 a composite number?
True
Is 104011031 a prime number?
True
Is 45472541 prime?
False
Is 34880891 a prime number?
True
Is 3204557 composite?
False
Is 2479847 composite?
False
Is 1217869 prime?
False
Is 11509429 a composite number?
False
Is 7225817 prime?
False
Is 296124967 a composite number?
False
Is 89949095 prime?
False
Is 128876897 a composite number?
True
Is 1870361 prime?
True
Is 13850339 composite?
True
Is 2065267 composite?
False
Is 41551973 a composite number?
False
Is 728669869 composite?
False
Is 86055205 composite?
True
Is 80439193 prime?
True
Is 21171023 a prime number?
True
Is 251048597 prime?
False
Is 17937349 prime?
False
Is 4969961 a prime number?
True
Is 8436739 a composite number?
False
Is 13437527 prime?
False
Is 3253867 prime?
False
Is 6416783 composite?
True
Is 263400719 a composite number?
False
Is 7902437 composite?
False
Is 93436867 a prime number?
True
Is 2001247 a composite number?
False
Is 191531927 a prime number?
False
Is 2365589 a prime number?
True
Is 368672779 a composite number?
True
Is 13297711 a prime number?
False
Is 23012174 a prime number?
False
Is 899034619 a prime number?
False
Is 5787209 composite?
False
Is 27613303 prime?
False
Is 4085891 a prime number?
True
Is 102334273 a composite number?
True
Is 10637083 a composite number?
False
Is 5283451 prime?
False
Is 363981259 a composite number?
False
Is 58765823 a prime number?
True
Is 9029249 composite?
True
Is 78623 a prime number?
True
Is 21713161 a composite number?
False
Is 19308829 a prime number?
False
Is 106100861 a composite number?
True
Is 3251737 a composite number?
True
Is 22128149 prime?
True
Is 445832087 composite?
False
Is 2129741 prime?
True
Is 41222323 prime?
False
Is 3362267 a prime number?
False
Is 20203579 a prime number?
False
Is 4044959 a prime number?
True
Is 43002209 a prime number?
False
Is 16904683 a prime number?
False
Is 188291487 a prime number?
False
Is 56352559 prime?
True
Is 32090678 a prime number?
False
Is 4462429 composite?
False
Is 77619823 a composite number?
False
Is 8629817 a composite number?
Tr